{"id":1283,"date":"2021-02-24T17:43:47","date_gmt":"2021-02-24T17:43:47","guid":{"rendered":"https:\/\/casa-da-avenida.pt\/condiciones-generales\/"},"modified":"2025-10-24T09:42:22","modified_gmt":"2025-10-24T09:42:22","slug":"condiciones-generales","status":"publish","type":"page","link":"https:\/\/casa-da-avenida.pt\/es\/condiciones-generales\/","title":{"rendered":"Condiciones generales"},"content":{"rendered":"<div class=\"fusion-fullwidth fullwidth-box fusion-builder-row-1 fusion-flex-container nonhundred-percent-fullwidth non-hundred-percent-height-scrolling\" style=\"--awb-border-radius-top-left:0px;--awb-border-radius-top-right:0px;--awb-border-radius-bottom-right:0px;--awb-border-radius-bottom-left:0px;--awb-flex-wrap:wrap;\" ><div class=\"fusion-builder-row fusion-row fusion-flex-align-items-flex-start fusion-flex-content-wrap\" style=\"max-width:1144px;margin-left: calc(-4% \/ 2 );margin-right: calc(-4% \/ 2 );\"><div class=\"fusion-layout-column fusion_builder_column fusion-builder-column-0 fusion_builder_column_1_1 1_1 fusion-flex-column\" style=\"--awb-bg-size:cover;--awb-width-large:100%;--awb-margin-top-large:0px;--awb-spacing-right-large:1.92%;--awb-margin-bottom-large:20px;--awb-spacing-left-large:1.92%;--awb-width-medium:100%;--awb-order-medium:0;--awb-spacing-right-medium:1.92%;--awb-spacing-left-medium:1.92%;--awb-width-small:100%;--awb-order-small:0;--awb-spacing-right-small:1.92%;--awb-spacing-left-small:1.92%;\"><div class=\"fusion-column-wrapper fusion-column-has-shadow fusion-flex-justify-content-flex-start fusion-content-layout-column\"><div class=\"fusion-text fusion-text-1\"><h1 style=\"text-align: center;\">Condiciones generales<\/h1>\n<\/div><div class=\"fusion-text fusion-text-2\" style=\"--awb-content-alignment:center;\"><p style=\"text-align: center;\">El Cliente puede cancelar sin coste alguno hasta 21 d\u00edas antes de la llegada.<\/p>\n<p style=\"text-align: center;\">El Cliente deber\u00e1 abonar el 100% del importe total si cancela con menos de 21 d\u00edas de antelaci\u00f3n a la fecha de llegada.<\/p>\n<p style=\"text-align: center;\">Cancelaci\u00f3n gratuita hasta 24 horas despu\u00e9s de la reserva.<\/p>\n<p style=\"text-align: center;\">Pagos con tarjeta de cr\u00e9dito, PayPal, transferencia bancaria o enlace seguro.<\/p>\n<p style=\"text-align: center;\">En caso de cancelaci\u00f3n (con un cargo de 50 \u20ac), los reembolsos se realizan en un plazo de 24 horas desde la cancelaci\u00f3n y hasta 7 d\u00edas despu\u00e9s.<\/p>\n<p style=\"text-align: center;\">No se realizar\u00e1 ning\u00fan reembolso si el Cliente desiste antes de la finalizaci\u00f3n de la estancia.<\/p>\n<p style=\"text-align: center;\">No se permite la estancia en los apartamentos a personas ajenas a la reserva.<\/p>\n<p style=\"text-align: center;\">Solo clientes registrados. Todos los clientes deben registrarse antes de su llegada.<\/p>\n<p style=\"text-align: center;\">El cliente es responsable de todos los da\u00f1os que se produzcan en el apartamento y se compromete a pagarlos. Al reservar, el Cliente acepta las Condiciones Generales.<\/p>\n<p style=\"text-align: center;\">Pagos en euros.<\/p>\n<p style=\"text-align: center;\">No fumar.<br \/>\nNo se admiten mascotas.<br \/>\nNo se admiten fiestas ni eventos.<br \/>\nEntrada: 15:00<br \/>\nSalida: 11:00<br \/>\nSilencio despu\u00e9s de las 22:00<br \/>\nM\u00ednimo 2 noches.<br \/>\nEntrada tard\u00eda despu\u00e9s de las 22:00: 30 \u20ac.<br \/>\nEntrada tard\u00eda despu\u00e9s de las 24:00: 60 \u20ac.<\/p>\n<\/div><\/div><\/div><\/div><\/div>\n","protected":false},"excerpt":{"rendered":"","protected":false},"author":1,"featured_media":0,"parent":0,"menu_order":0,"comment_status":"closed","ping_status":"closed","template":"","meta":{"footnotes":""},"class_list":["post-1283","page","type-page","status-publish","hentry"],"_links":{"self":[{"href":"https:\/\/casa-da-avenida.pt\/es\/wp-json\/wp\/v2\/pages\/1283","targetHints":{"allow":["GET"]}}],"collection":[{"href":"https:\/\/casa-da-avenida.pt\/es\/wp-json\/wp\/v2\/pages"}],"about":[{"href":"https:\/\/casa-da-avenida.pt\/es\/wp-json\/wp\/v2\/types\/page"}],"author":[{"embeddable":true,"href":"https:\/\/casa-da-avenida.pt\/es\/wp-json\/wp\/v2\/users\/1"}],"replies":[{"embeddable":true,"href":"https:\/\/casa-da-avenida.pt\/es\/wp-json\/wp\/v2\/comments?post=1283"}],"version-history":[{"count":12,"href":"https:\/\/casa-da-avenida.pt\/es\/wp-json\/wp\/v2\/pages\/1283\/revisions"}],"predecessor-version":[{"id":1777,"href":"https:\/\/casa-da-avenida.pt\/es\/wp-json\/wp\/v2\/pages\/1283\/revisions\/1777"}],"wp:attachment":[{"href":"https:\/\/casa-da-avenida.pt\/es\/wp-json\/wp\/v2\/media?parent=1283"}],"curies":[{"name":"wp","href":"https:\/\/api.w.org\/{rel}","templated":true}]}}

<div class="fusion-fullwidth fullwidth-box fusion-builder-row-1 fusion-flex-container nonhundred-percent-fullwidth non-hundred-percent-height-scrolling" style="--awb-border-radius-top-left:0px;--awb-border-radius-top-right:0px;--awb-border-radius-bottom-right:0px;--awb-border-radius-bottom-left:0px;--awb-flex-wrap:wrap;" ><div class="fusion-builder-row fusion-row fusion-flex-align-items-flex-start fusion-flex-content-wrap" style="max-width:1144px;margin-left: calc(-4% / 2 );margin-right: calc(-4% / 2 );"><div class="fusion-layout-column fusion_builder_column fusion-builder-column-0 fusion_builder_column_1_1 1_1 fusion-flex-column" style="--awb-bg-size:cover;--awb-width-large:100%;--awb-margin-top-large:0px;--awb-spacing-right-large:1.92%;--awb-margin-bottom-large:20px;--awb-spacing-left-large:1.92%;--awb-width-medium:100%;--awb-order-medium:0;--awb-spacing-right-medium:1.92%;--awb-spacing-left-medium:1.92%;--awb-width-small:100%;--awb-order-small:0;--awb-spacing-right-small:1.92%;--awb-spacing-left-small:1.92%;"><div class="fusion-column-wrapper fusion-column-has-shadow fusion-flex-justify-content-flex-start fusion-content-layout-column"><div class="fusion-text fusion-text-1"><h1 style="text-align: center;">Condiciones generales</h1>
</div><div class="fusion-text fusion-text-2" style="--awb-content-alignment:center;"><p style="text-align: center;">El Cliente puede cancelar sin coste alguno hasta 21 días antes de la llegada.</p>
<p style="text-align: center;">El Cliente deberá abonar el 100% del importe total si cancela con menos de 21 días de antelación a la fecha de llegada.</p>
<p style="text-align: center;">Cancelación gratuita hasta 24 horas después de la reserva.</p>
<p style="text-align: center;">Pagos con tarjeta de crédito, PayPal, transferencia bancaria o enlace seguro.</p>
<p style="text-align: center;">En caso de cancelación (con un cargo de 50 €), los reembolsos se realizan en un plazo de 24 horas desde la cancelación y hasta 7 días después.</p>
<p style="text-align: center;">No se realizará ningún reembolso si el Cliente desiste antes de la finalización de la estancia.</p>
<p style="text-align: center;">No se permite la estancia en los apartamentos a personas ajenas a la reserva.</p>
<p style="text-align: center;">Solo clientes registrados. Todos los clientes deben registrarse antes de su llegada.</p>
<p style="text-align: center;">El cliente es responsable de todos los daños que se produzcan en el apartamento y se compromete a pagarlos. Al reservar, el Cliente acepta las Condiciones Generales.</p>
<p style="text-align: center;">Pagos en euros.</p>
<p style="text-align: center;">No fumar.<br />
No se admiten mascotas.<br />
No se admiten fiestas ni eventos.<br />
Entrada: 15:00<br />
Salida: 11:00<br />
Silencio después de las 22:00<br />
Mínimo 2 noches.<br />
Entrada tardía después de las 22:00: 30 €.<br />
Entrada tardía después de las 24:00: 60 €.</p>
</div></div></div></div></div>
