{"id":1291,"date":"2021-02-25T09:41:05","date_gmt":"2021-02-25T09:41:05","guid":{"rendered":"https:\/\/casa-da-avenida.pt\/politica-de-privacidad\/"},"modified":"2021-02-25T09:41:09","modified_gmt":"2021-02-25T09:41:09","slug":"politica-de-privacidad","status":"publish","type":"page","link":"https:\/\/casa-da-avenida.pt\/es\/politica-de-privacidad\/","title":{"rendered":"Pol\u00edtica de privacidad"},"content":{"rendered":"<div class=\"fusion-fullwidth fullwidth-box fusion-builder-row-1 fusion-flex-container nonhundred-percent-fullwidth non-hundred-percent-height-scrolling\" style=\"--awb-border-radius-top-left:0px;--awb-border-radius-top-right:0px;--awb-border-radius-bottom-right:0px;--awb-border-radius-bottom-left:0px;--awb-flex-wrap:wrap;\" ><div class=\"fusion-builder-row fusion-row fusion-flex-align-items-flex-start fusion-flex-content-wrap\" style=\"max-width:1144px;margin-left: calc(-4% \/ 2 );margin-right: calc(-4% \/ 2 );\"><div class=\"fusion-layout-column fusion_builder_column fusion-builder-column-0 fusion_builder_column_1_1 1_1 fusion-flex-column\" style=\"--awb-bg-size:cover;--awb-width-large:100%;--awb-margin-top-large:0px;--awb-spacing-right-large:1.92%;--awb-margin-bottom-large:20px;--awb-spacing-left-large:1.92%;--awb-width-medium:100%;--awb-order-medium:0;--awb-spacing-right-medium:1.92%;--awb-spacing-left-medium:1.92%;--awb-width-small:100%;--awb-order-small:0;--awb-spacing-right-small:1.92%;--awb-spacing-left-small:1.92%;\"><div class=\"fusion-column-wrapper fusion-column-has-shadow fusion-flex-justify-content-flex-start fusion-content-layout-column\"><div class=\"fusion-text fusion-text-1\"><h1 style=\"text-align: center;\">Pol\u00edtica de privacidad<\/h1>\n<\/div><div class=\"fusion-text fusion-text-2\"><h4 style=\"text-align: center;\">Esta pol\u00edtica de privacidad ha sido compilada para servir mejor a aquellos que est\u00e1n preocupados por c\u00f3mo se utiliza la informaci\u00f3n de identificaci\u00f3n personal en l\u00ednea. Lea detenidamente nuestra pol\u00edtica de privacidad para obtener una comprensi\u00f3n clara de c\u00f3mo recopilamos, usamos, protegemos o manejamos su informaci\u00f3n de identificaci\u00f3n personal de acuerdo con nuestro sitio web.<\/h4>\n<h3 style=\"text-align: center;\"><span style=\"color: #fab017;\">\u00bfQu\u00e9 informaci\u00f3n personal recopilamos de las personas que visitan nuestro sitio web?<\/span><\/h3>\n<p style=\"text-align: center;\">Al reservar o registrarse en nuestro sitio, seg\u00fan corresponda, se le puede solicitar que ingrese su nombre, direcci\u00f3n de correo electr\u00f3nico, direcci\u00f3n postal, n\u00famero de tel\u00e9fono u otros detalles para ayudar a procesar su reserva.<\/p>\n<h3 style=\"text-align: center;\"><span style=\"color: #fab017;\">\u00bfCu\u00e1ndo recopilamos informaci\u00f3n?<\/span><\/h3>\n<p style=\"text-align: center;\">Recopilamos informaci\u00f3n sobre usted cuando realiza una reserva, nos env\u00eda una solicitud, se suscribe a un bolet\u00edn informativo o ingresa informaci\u00f3n en nuestro sitio.<\/p>\n<h3 style=\"text-align: center;\"><span style=\"color: #fab017;\">\u00bfC\u00f3mo usamos su informaci\u00f3n?<\/span><\/h3>\n<p style=\"text-align: center;\">Podemos utilizar la informaci\u00f3n que recopilamos de usted cuando realiza una reserva, nos env\u00eda una solicitud, se suscribe a nuestro bolet\u00edn informativo, responde a una encuesta o comunicaci\u00f3n de marketing, navega por el sitio web o utiliza otras caracter\u00edsticas del sitio de las siguientes maneras:<\/p>\n<p style=\"text-align: center;\">\u00b7 Mejorar nuestro sitio web para servirle mejor.<\/p>\n<p style=\"text-align: center;\">\u00b7 Para procesar r\u00e1pidamente sus transacciones.<\/p>\n<h3 style=\"text-align: center;\"><span style=\"color: #fab017;\">Recopilamos su direcci\u00f3n de correo electr\u00f3nico para:<\/span><\/h3>\n<p style=\"text-align: center;\">\u00b7 Enviar informaci\u00f3n, responder consultas y \/ u otras solicitudes o preguntas.<\/p>\n<p style=\"text-align: center;\">\u00b7 Procesar reservas y enviar informaci\u00f3n y actualizaciones relacionadas con pedidos.<\/p>\n<p style=\"text-align: center;\">\u00b7 Tambi\u00e9n podemos enviarle informaci\u00f3n adicional relacionada con su producto y \/ o servicio.<\/p>\n<h3 style=\"text-align: center;\"><span style=\"color: #fab017;\">\u00bfC\u00f3mo protegemos la informaci\u00f3n del visitante?<\/span><\/h3>\n<p style=\"text-align: center;\">Su informaci\u00f3n personal est\u00e1 contenida detr\u00e1s de redes seguras y solo es accesible para un n\u00famero limitado de personas que tienen derechos especiales de acceso a dichos sistemas, y est\u00e1n obligados a mantener la informaci\u00f3n confidencial.<\/p>\n<p style=\"text-align: center;\">Todas las transacciones con tarjeta de cr\u00e9dito se procesan a trav\u00e9s de un proveedor de puerta de enlace segura y no se almacenan ni procesan en nuestros servidores.<\/p>\n<h3 style=\"text-align: center;\"><span style=\"color: #fab017;\">Divulgaci\u00f3n de terceros<\/span><\/h3>\n<p style=\"text-align: center;\">No vendemos, intercambiamos ni transferimos a terceros su informaci\u00f3n de identificaci\u00f3n personal a menos que le avisemos con anticipaci\u00f3n. Esto no incluye socios de alojamiento de sitios web y otras partes que nos ayudan a operar nuestro sitio web, llevar a cabo nuestro negocio o prestarle servicios, siempre que esas partes acuerden mantener esta informaci\u00f3n confidencial. Tambi\u00e9n podemos divulgar su informaci\u00f3n cuando creamos que la divulgaci\u00f3n es apropiada para cumplir con la ley, hacer cumplir las pol\u00edticas de nuestro sitio o proteger nuestros derechos, propiedad o seguridad, o los de otros.<\/p>\n<h3 style=\"text-align: center;\"><span style=\"color: #fab017;\">Enlaces de terceros<\/span><\/h3>\n<p style=\"text-align: center;\">En este momento, no incluimos ni ofrecemos productos o servicios de terceros en nuestro sitio web.<\/p>\n<h3 style=\"text-align: center;\"><span style=\"color: #fab017;\">Preguntas<\/span><\/h3>\n<p style=\"text-align: center;\">Si tiene alguna pregunta sobre esta pol\u00edtica de privacidad, puede comunicarse con nosotros utilizando la informaci\u00f3n de contacto en el pie de p\u00e1gina del sitio, o mediante el formulario en la p\u00e1gina de Contactos.<\/p>\n<p style=\"text-align: center;\">Esta Pol\u00edtica de privacidad es efectiva a partir del 2020\/05\/06<\/p>\n<\/div><\/div><\/div><\/div><\/div>\n","protected":false},"excerpt":{"rendered":"","protected":false},"author":1,"featured_media":0,"parent":0,"menu_order":0,"comment_status":"closed","ping_status":"closed","template":"","meta":{"footnotes":""},"class_list":["post-1291","page","type-page","status-publish","hentry"],"_links":{"self":[{"href":"https:\/\/casa-da-avenida.pt\/es\/wp-json\/wp\/v2\/pages\/1291","targetHints":{"allow":["GET"]}}],"collection":[{"href":"https:\/\/casa-da-avenida.pt\/es\/wp-json\/wp\/v2\/pages"}],"about":[{"href":"https:\/\/casa-da-avenida.pt\/es\/wp-json\/wp\/v2\/types\/page"}],"author":[{"embeddable":true,"href":"https:\/\/casa-da-avenida.pt\/es\/wp-json\/wp\/v2\/users\/1"}],"replies":[{"embeddable":true,"href":"https:\/\/casa-da-avenida.pt\/es\/wp-json\/wp\/v2\/comments?post=1291"}],"version-history":[{"count":2,"href":"https:\/\/casa-da-avenida.pt\/es\/wp-json\/wp\/v2\/pages\/1291\/revisions"}],"predecessor-version":[{"id":1293,"href":"https:\/\/casa-da-avenida.pt\/es\/wp-json\/wp\/v2\/pages\/1291\/revisions\/1293"}],"wp:attachment":[{"href":"https:\/\/casa-da-avenida.pt\/es\/wp-json\/wp\/v2\/media?parent=1291"}],"curies":[{"name":"wp","href":"https:\/\/api.w.org\/{rel}","templated":true}]}}

Política de privacidad

<div class="fusion-fullwidth fullwidth-box fusion-builder-row-1 fusion-flex-container nonhundred-percent-fullwidth non-hundred-percent-height-scrolling" style="--awb-border-radius-top-left:0px;--awb-border-radius-top-right:0px;--awb-border-radius-bottom-right:0px;--awb-border-radius-bottom-left:0px;--awb-flex-wrap:wrap;" ><div class="fusion-builder-row fusion-row fusion-flex-align-items-flex-start fusion-flex-content-wrap" style="max-width:1144px;margin-left: calc(-4% / 2 );margin-right: calc(-4% / 2 );"><div class="fusion-layout-column fusion_builder_column fusion-builder-column-0 fusion_builder_column_1_1 1_1 fusion-flex-column" style="--awb-bg-size:cover;--awb-width-large:100%;--awb-margin-top-large:0px;--awb-spacing-right-large:1.92%;--awb-margin-bottom-large:20px;--awb-spacing-left-large:1.92%;--awb-width-medium:100%;--awb-order-medium:0;--awb-spacing-right-medium:1.92%;--awb-spacing-left-medium:1.92%;--awb-width-small:100%;--awb-order-small:0;--awb-spacing-right-small:1.92%;--awb-spacing-left-small:1.92%;"><div class="fusion-column-wrapper fusion-column-has-shadow fusion-flex-justify-content-flex-start fusion-content-layout-column"><div class="fusion-text fusion-text-1"><h1 style="text-align: center;">Política de privacidad</h1>
</div><div class="fusion-text fusion-text-2"><h4 style="text-align: center;">Esta política de privacidad ha sido compilada para servir mejor a aquellos que están preocupados por cómo se utiliza la información de identificación personal en línea. Lea detenidamente nuestra política de privacidad para obtener una comprensión clara de cómo recopilamos, usamos, protegemos o manejamos su información de identificación personal de acuerdo con nuestro sitio web.</h4>
<h3 style="text-align: center;"><span style="color: #fab017;">¿Qué información personal recopilamos de las personas que visitan nuestro sitio web?</span></h3>
<p style="text-align: center;">Al reservar o registrarse en nuestro sitio, según corresponda, se le puede solicitar que ingrese su nombre, dirección de correo electrónico, dirección postal, número de teléfono u otros detalles para ayudar a procesar su reserva.</p>
<h3 style="text-align: center;"><span style="color: #fab017;">¿Cuándo recopilamos información?</span></h3>
<p style="text-align: center;">Recopilamos información sobre usted cuando realiza una reserva, nos envía una solicitud, se suscribe a un boletín informativo o ingresa información en nuestro sitio.</p>
<h3 style="text-align: center;"><span style="color: #fab017;">¿Cómo usamos su información?</span></h3>
<p style="text-align: center;">Podemos utilizar la información que recopilamos de usted cuando realiza una reserva, nos envía una solicitud, se suscribe a nuestro boletín informativo, responde a una encuesta o comunicación de marketing, navega por el sitio web o utiliza otras características del sitio de las siguientes maneras:</p>
<p style="text-align: center;">· Mejorar nuestro sitio web para servirle mejor.</p>
<p style="text-align: center;">· Para procesar rápidamente sus transacciones.</p>
<h3 style="text-align: center;"><span style="color: #fab017;">Recopilamos su dirección de correo electrónico para:</span></h3>
<p style="text-align: center;">· Enviar información, responder consultas y / u otras solicitudes o preguntas.</p>
<p style="text-align: center;">· Procesar reservas y enviar información y actualizaciones relacionadas con pedidos.</p>
<p style="text-align: center;">· También podemos enviarle información adicional relacionada con su producto y / o servicio.</p>
<h3 style="text-align: center;"><span style="color: #fab017;">¿Cómo protegemos la información del visitante?</span></h3>
<p style="text-align: center;">Su información personal está contenida detrás de redes seguras y solo es accesible para un número limitado de personas que tienen derechos especiales de acceso a dichos sistemas, y están obligados a mantener la información confidencial.</p>
<p style="text-align: center;">Todas las transacciones con tarjeta de crédito se procesan a través de un proveedor de puerta de enlace segura y no se almacenan ni procesan en nuestros servidores.</p>
<h3 style="text-align: center;"><span style="color: #fab017;">Divulgación de terceros</span></h3>
<p style="text-align: center;">No vendemos, intercambiamos ni transferimos a terceros su información de identificación personal a menos que le avisemos con anticipación. Esto no incluye socios de alojamiento de sitios web y otras partes que nos ayudan a operar nuestro sitio web, llevar a cabo nuestro negocio o prestarle servicios, siempre que esas partes acuerden mantener esta información confidencial. También podemos divulgar su información cuando creamos que la divulgación es apropiada para cumplir con la ley, hacer cumplir las políticas de nuestro sitio o proteger nuestros derechos, propiedad o seguridad, o los de otros.</p>
<h3 style="text-align: center;"><span style="color: #fab017;">Enlaces de terceros</span></h3>
<p style="text-align: center;">En este momento, no incluimos ni ofrecemos productos o servicios de terceros en nuestro sitio web.</p>
<h3 style="text-align: center;"><span style="color: #fab017;">Preguntas</span></h3>
<p style="text-align: center;">Si tiene alguna pregunta sobre esta política de privacidad, puede comunicarse con nosotros utilizando la información de contacto en el pie de página del sitio, o mediante el formulario en la página de Contactos.</p>
<p style="text-align: center;">Esta Política de privacidad es efectiva a partir del 2020/05/06</p>
</div></div></div></div></div>
